iple of 31?
False
Let n(d) = -3*d**3 - 5*d**2 + 8*d + 4. Let m(k) = 13*k**3 + 21*k**2 - 33*k - 16. Let h(g) = -2*m(g) - 9*n(g). Is h(-4) a multiple of 4?
True
Let d be (-10)/55 - (-1069)/11. Let o = d + 13. Let g = o - 74. Is g a multiple of 14?
False
Let i = 106 - 70. Suppose 4*y - i = 48. Is y a multiple of 8?
False
Let h = 48 + -2. Is 23 a factor of h?
True
Let z = 16 + -10. Does 3 divide z?
True
Suppose -5 + 11 = 2*l. Suppose -n - l*n - 684 = 0. Let u = -105 - n. Is u a multiple of 23?
False
Let b(w) = 2*w**3 - w + 2. Let i be b(-2). Let c(d) = d**3 + 12*d**2 - 4*d - 13. Is 17 a factor of c(i)?
False
Let g(d) = 4*d**2 - 3*d - 2. Let z(f) = -f**3 - f**2 - f - 2. Let v be z(0). Does 7 divide g(v)?
False
Suppose -328 = 2*z - 4*z + 5*h, 0 = -3*z - 2*h + 454. Is z a multiple of 11?
True
Let m(a) = -6 + 1 - 2 - 2*a - 5*a. Does 21 divide m(-7)?
True
Let c = -7 + 14. Suppose -r = -c - 19. Is r a multiple of 8?
False
Let x(c) be the second derivative of 0 - c - 1/3*c**3 + 13/12*c**4 - 1/2*c**2. Does 14 divide x(-1)?
True
Let t be ((-4)/(-2))/((-2)/10). Let x be (2/4)/((-1)/t). Suppose -32 = -x*m + 18. Does 10 divide m?
True
Let g(i) = 37*i**2 + 3*i + 2. Is 13 a factor of g(-1)?
False
Let s = -99 + 201. Does 51 divide s?
True
Suppose -4*x = x - 335. Suppose 3*k - x = 2*k. Is k a multiple of 18?
False
Let s(a) = a**3 + 7*a**2 + 4*a + 4. Is 21 a factor of s(-5)?
False
Let t(v) = v**2 - 8*v - 6. Let s be t(-5). Let d = s - 38. Is 8 a factor of d?
False
Suppose 0 = -3*k - 2*k + 15. Let j be (6 - 3)/k*11. Suppose -4*a + j + 5 = 0. Is a a multiple of 4?
True
Let f(n) = -9 + 2*n + 0*n + 0*n. Is f(6) even?
False
Suppose -2*z + 0*z = 74. Let j = -19 - z. Is 6 a factor of j?
True
Suppose -4*z - 2*d - 2 = 0, 3*d + 3 = -3*z + 2*d. Let v be (-79)/3 - z/6. Let g = v + 48. Is g a multiple of 11?
True
Suppose -4*c + 5*v - 10 = -9*c, 3*v = c - 10. Suppose c*l - 7*l = -15. Suppose -170 = -l*s + 55. Is 27 a factor of s?
False
Let w = -337 - -679. Is 57 a factor of w?
True
Let x = -1 + -1. Is (-1)/x - (-18)/4 a multiple of 5?
True
Does 17 divide 1/5 - ((-3777)/15 + -3)?
True
Let f = 132 + -94. Is 2 a factor of f?
True
Suppose 2*t + 7 - 3 = 0. Is 34 + (t/(-2) - 1) a multiple of 11?
False
Let w(o) = -15*o + 2. Suppose 2*n - 5 = n. Suppose 0*g = -m + 4*g - 22, -4*m - 33 = -n*g. Is 16 a factor of w(m)?
True
Let i(d) = -d**3 + 12*d**2 - 12*d + 14. Let v be i(11). Let r(k) = 4*k**2 + k**2 - v*k**2 + 3*k + 2 - 3. Is r(4) a multiple of 13?
False
Let o(l) = -15*l - 6. Is o(-7) a multiple of 38?
False
Let b(l) = -l**3 - 3*l**2 - 2*l - 4. Let d be b(-4). Let n = -11 + d. Is n a multiple of 4?
False
Let t be ((-10)/6)/(5/(-45)). Let d = t - -4. Is d a multiple of 19?
True
Let b(k) = k**3 - 9*k**2 + 8*k + 4. Let s be b(8). Let l be (4/6)/((-1)/(-60)). Suppose -s*t = t - l. Does 4 divide t?
True
Let w = -5 + 1. Is 15 a factor of w/((-16)/10)*24?
True
Suppose 0 = 14*f - 13*f - 36. Is f a multiple of 9?
True
Suppose -p - 18 = -5*d, -2*d + 3*p + 21 = 2*d. Suppose -4*x + 5*h = -32, -2 = -3*x - d*h - 5. Suppose -21 = -6*t + x*t. Is 2 a factor of t?
False
Suppose -3*b + 101 = -t, -b + t + 47 = -2*t. Is b a multiple of 7?
False
Suppose 0 = -0*a + 5*a - 105. Suppose 0 = 2*k + 1 - 5. Suppose 0 = t - k*t + a. Is 9 a factor of t?
False
Let o(f) = -f**3 + 4*f**2 + 4*f - 4. Let x(u) = -u + 14. Let w be x(10). Let i be o(w). Is 12 a factor of i + (0 - -1 - 0)?
False
Let m(g) = -g**2 - 12*g + 9. Is 15 a factor of m(-6)?
True
Does 16 divide (-4)/(1/76*-2)?
False
Let a = -86 - -160. Suppose 0 = -2*i - d + 5*d + 80, 2*i - d - a = 0. Is 18 a factor of i?
True
Let h(y) = -30*y - 4. Is 14 a factor of h(-2)?
True
Is (266/(-57))/(1/(-18)) a multiple of 7?
True
Is 12 a factor of 8/4*(-36)/28*-7?
False
Let z(q) = -q**3 + 13*q**2 - 17*q. Is z(11) a multiple of 8?
False
Let r(y) = 41*y - 7. Is 22 a factor of r(5)?
True
Let q(y) = -2*y**2 + 17*y - 2. Let w be q(8). Does 16 divide (288/(-15))/w*-10?
True
Let o be -1*(0 + 2 - 7). Let t(b) = b**3 - 4*b**2 - 5*b + 3. Let r be t(o). Suppose r*i = 31 + 5. Is i a multiple of 6?
True
Suppose 0 = 5*t - t - 24. Let w(o) = 3*o + 5. Does 15 divide w(t)?
False
Let y = 327 - 111. Is 26 a factor of y?
False
Let r(k) = k**3 + 6*k - 8. Is 16 a factor of r(4)?
True
Suppose 5*g - 3*x = 694, -2*g + 4*x + x + 270 = 0. Does 5 divide g?
True
Let i be 4/14 + 135/(-7). Let l = -9 - i. Is l a multiple of 5?
True
Let d(g) = g**3 - 7*g**2 + g - 8. Let n be d(7). Let u(l) = 12*l**2 - 1. Is u(n) a multiple of 3?
False
Suppose 0*o - 315 = -5*o. Is o a multiple of 21?
True
Let b be (4/(-6))/(3/(-18)). Suppose -b*j - 3*c = 3, 3*j - 4*c = -2*c + 19. Is j a multiple of 3?
True
Let p(i) = -i**2 - 7*i + 1. Suppose -7 = n - 2. Let d be p(n). Let g = d - -7. Is g a multiple of 5?
False
Is (-8)/(-4) + -4 - -120 a multiple of 7?
False
Let w(o) = 5*o**2 + 12*o - 13. Is 17 a factor of w(-9)?
False
Suppose 75 = 3*a + 2*a - 5*b, 3*b + 13 = a. Is a a multiple of 16?
True
Let z(h) = h**2 + h + 2. Does 2 divide z(3)?
True
Let o be ((-2)/4)/((-1)/2). Is 10 a factor of -1 + o - (7 - 27)?
True
Let x(u) be the second derivative of u**3/3 + 5*u**2/2 + u. Let t be (-1)/((-1)/(-4)*-1). Is x(t) a multiple of 6?
False
Let r(j) = 15*j - 72. Does 21 divide r(9)?
True
Suppose -y + 245 = -5*u - 115, 5*u + 1840 = 5*y. Does 19 divide y/20 - (-1)/2?
True
Suppose 8*b - 6*b - 48 = 0. Is b a multiple of 4?
True
Let j = -7 - -17. Let i(v) = -v**3 + 9*v**2 + 9*v + 10. Let k be i(j). Suppose 4*g - g - 21 = k. Is g a multiple of 7?
True
Let g(s) = s**2 + 20*s + 15. Let z be g(-19). Let o be (4/6)/((-1)/(-1398)). Does 18 divide o/20 - z/10?
False
Let y(b) = -5*b + 2. Let l be y(-9). Suppose l = 5*q + 2. Does 5 divide q?
False
Does 44 divide (24/(-20))/(8/(-880))?
True
Does 14 divide (-2640)/(-27) + (-16)/(-72)?
True
Let o(u) = 2*u**3 - 13*u**2 + 12*u - 10. Is o(8) a multiple of 17?
False
Suppose 3*k - 215 = 5*j, -k + 91 = -j + 20. Is k a multiple of 14?
True
Let k be ((-9)/6)/((-3)/4). Does 2 divide (1 + k)*(-2)/(-3)?
True
Let d = 2 + -1. Let c = 0 + d. Is (-36)/(c + -4) - -2 a multiple of 7?
True
Suppose -8*b = -5*b - 462. Does 38 divide b?
False
Let b = 93 + -37. Is 7 a factor of b?
True
Let l(f) = -f**3 + 7*f**2 - 2*f + 4. Let n be l(6). Let i = n + -17. Does 5 divide i?
False
Let q(p) = -p**3 - 6*p**2 - 6*p - 5. Let g be q(-5). Suppose 20 = -4*k, -5*z - 3*k = -k - 5. Let r = g + z. Does 3 divide r?
True
Let a(s) = -7*s + 8*s**2 - 3 + 6 - s**3 + 2. Does 15 divide a(5)?
True
Let l = 153 + -126. Does 4 divide l?
False
Let g = 36 - -204. Does 10 divide g?
True
Let i(w) = -4 - 3 + w**2 + w + w + 4. Let q be i(-3). Suppose z - 211 = -5*h + 44, q = -4*h + z + 204. Does 17 divide h?
True
Let t(o) = 5*o**2 + 3*o - 1. Let h = -8 + 5. Let i be t(h). Suppose -5*d = -5*x - 25, 3*d + x + 16 = i. Does 5 divide d?
False
Let t(q) = -q**3 + 4*q**2 + 3*q + 5. Let c be t(5). Let v = c + 9. Suppose v*i + 34 = 98. Is i a multiple of 6?
False
Let r(q) = q**3 + q**2 - 6*q + 1. Is 22 a factor of r(4)?
False
Let s(l) be the first derivative of 2*l**2 + 12*l - 2. Let k be s(9). Suppose -k - 38 = -3*j - h, -5*h = -2*j + 29. Does 15 divide j?
False
Suppose 2*v - 54 = -2*j, -4*j - 134 - 10 = -5*v. Does 18 divide v?
False
Let d be (6/(-4))/((-9)/12). Suppose 0*t = -d*t, 0 = 4*x + 4*t - 44. Is 7 a factor of x?
False
Let l(g) = -2*g**3 - 11*g**2 - 10*g - 8. Let d be l(-7). Suppose 17 - d = 3*m. Does 16 divide (m/6)/(2/(-6))?
True
Suppose 63*x - 67*x = -124. Is 6 a factor of x?
False
Let q = 5 - 0. Suppose 3*b + 27 = -2*j + 9, -b + 79 = -q*j. Let g = -6 - j. Is 4 a factor of g?
False
Let y = 333 - 166. Let p = -104 + y. Does 21 divide p?
True
Suppose -698 = -3*m + 2*q, -2*m + q + 29 + 436 = 0. Does 29 divide m?
True
Suppose 3*n - 507 = -5*w - 0*w, -662 = -4*n - 2*w. Does 11 divide n?
False
Let u(n) = n**2 + 3*n + 2. Let g be u(-2). Suppose g = -0*a - a + 35. Is 15 a factor of a?
False
Suppose 0 = 2*w - 6*w + 16. Let j = w - 2. Suppose -g + 57 = j*g. Is 7 a factor of g?
False
Let n be (-1)/((-2)/(-1 - -23)). Suppose -4*x + n = -5. Does 2 divide x?
True
Suppose 2*b + 5*v = -13, 2*b - 1 = 3*v + 10. Let u be 3 + -2 + 1/b. Is 5 a factor of u/(-4) - (-34)/4?
False
Let w be 2/3 - 504/27. Does 4 divide 4/18 + (-158)/w?
False
Suppose -6*w = -w - m - 1004, 2*m = 5*